hen 9578 is divided by 3192?
2
What is the remainder when 1147 is divided by 144?
139
What is the remainder when 1278 is divided by 211?
12
Calculate the remainder when 425 is divided by 34.
17
Calculate the remainder when 477 is divided by 96.
93
What is the remainder when 398 is divided by 61?
32
What is the remainder when 4265 is divided by 8?
1
Calculate the remainder when 3007 is divided by 94.
93
What is the remainder when 151 is divided by 14?
11
Calculate the remainder when 489 is divided by 10.
9
Calculate the remainder when 19 is divided by 17.
2
Calculate the remainder when 921 is divided by 22.
19
What is the remainder when 14012 is divided by 182?
180
What is the remainder when 176 is divided by 92?
84
Calculate the remainder when 6062 is divided by 129.
128
Calculate the remainder when 149 is divided by 6.
5
What is the remainder when 56 is divided by 30?
26
What is the remainder when 204 is divided by 65?
9
What is the remainder when 83 is divided by 26?
5
What is the remainder when 2445 is divided by 8?
5
Calculate the remainder when 3013 is divided by 743.
41
What is the remainder when 78 is divided by 12?
6
What is the remainder when 2168 is divided by 9?
8
Calculate the remainder when 295 is divided by 99.
97
Calculate the remainder when 2152 is divided by 430.
2
Calculate the remainder when 124 is divided by 13.
7
What is the remainder when 16712 is divided by 61?
59
Calculate the remainder when 3624 is divided by 104.
88
Calculate the remainder when 387 is divided by 51.
30
Calculate the remainder when 6461 is divided by 175.
161
What is the remainder when 298 is divided by 60?
58
What is the remainder when 854 is divided by 85?
4
What is the remainder when 417 is divided by 101?
13
What is the remainder when 275 is divided by 22?
11
What is the remainder when 139 is divided by 32?
11
Calculate the remainder when 268 is divided by 149.
119
Calculate the remainder when 161 is divided by 82.
79
Calculate the remainder when 393 is divided by 6.
3
What is the remainder when 1099 is divided by 266?
35
Calculate the remainder when 14758 is divided by 9.
7
What is the remainder when 53 is divided by 6?
5
What is the remainder when 117 is divided by 34?
15
Calculate the remainder when 554 is divided by 361.
193
Calculate the remainder when 1524 is divided by 760.
4
What is the remainder when 165 is divided by 14?
11
What is the remainder when 39 is divided by 21?
18
What is the remainder when 15044 is divided by 228?
224
What is the remainder when 196 is divided by 67?
62
Calculate the remainder when 521 is divided by 155.
56
Calculate the remainder when 1883 is divided by 111.
107
What is the remainder when 31 is divided by 1?
0
Calculate the remainder when 185 is divided by 7.
3
What is the remainder when 5509 is divided by 190?
189
Calculate the remainder when 958 is divided by 74.
70
Calculate the remainder when 1526 is divided by 24.
14
Calculate the remainder when 2547 is divided by 28.
27
Calculate the remainder when 359 is divided by 13.
8
What is the remainder when 238 is divided by 11?
7
Calculate the remainder when 237 is divided by 75.
12
Calculate the remainder when 4684 is divided by 66.
64
Calculate the remainder when 124 is divided by 25.
24
Calculate the remainder when 172 is divided by 7.
4
Calculate the remainder when 26531 is divided by 18.
17
Calculate the remainder when 53 is divided by 12.
5
Calculate the remainder when 468 is divided by 6.
0
Calculate the remainder when 193 is divided by 61.
10
Calculate the remainder when 224 is divided by 75.
74
What is the remainder when 8116 is divided by 140?
136
Calculate the remainder when 49 is divided by 27.
22
What is the remainder when 9 is divided by 2?
1
Calculate the remainder when 356 is divided by 37.
23
Calculate the remainder when 124 is divided by 48.
28
Calculate the remainder when 172 is divided by 74.
24
Calculate the remainder when 2845 is divided by 19.
14
Calculate the remainder when 594 is divided by 119.
118
Calculate the remainder when 286 is divided by 36.
34
What is the remainder when 508 is divided by 31?
12
Calculate the remainder when 243 is divided by 102.
39
Calculate the remainder when 268 is divided by 16.
12
What is the remainder when 9 is divided by 4?
1
What is the remainder when 2399 is divided by 30?
29
What is the remainder when 164 is divided by 34?
28
Calculate the remainder when 279 is divided by 141.
138
What is the remainder when 1234 is divided by 40?
34
What is the remainder when 27 is divided by 5?
2
What is the remainder when 154 is divided by 6?
4
What is the remainder when 90 is divided by 26?
12
Calculate the remainder when 216 is divided by 125.
91
What is the remainder when 1183 is divided by 16?
15
What is the remainder when 4019 is divided by 201?
200
What is the remainder when 2131 is divided by 1019?
93
Calculate the remainder when 3134 is divided by 49.
47
What is the remainder when 83 is divided by 38?
7
What is the remainder when 627 is divided by 17?
15
Calculate the remainder when 934 is divided by 233.
2
What is the remainder when 177 is divided by 30?
27
What is the remainder when 546 is divided by 46?
40
What is the remainder when 206 is divided by 11?
8
Calculate the remainder when 49 is divided by 21.
7
Calculate the remainder when 106 is divided by 88.
18
What is the remainder when 262 is divided by 88?
86
Calculate the remainder when 82 is divided by 17.
14
Calculate the remainder when 3372 is divided by 225.
222
What is the remainder when 152 is divided by 28?
12
What is the remainder when 2507 is divided by 31?
27
Calculate the remainder when 74 is divided by 17.
6
What is the remainder when 1355 is divided by 6?
5
Calculate the remainder when 888 is divided by 27.
24
What is the remainder when 53 is divided by 32?
21
What is the remainder when 3826 is divided by 56?
18
What is the remainder when 1171 is divided by 8?
3
Calculate the remainder when 6343 is divided by 167.
164
Calculate the remainder when 226 is divided by 6.
4
Calculate the remainder when 172 is divided by 13.
3
What is the remainder when 506 is divided by 58?
42
Calculate the remainder when 16 is divided by 11.
5
What is the remainder when 139 is divided by 2?
1
What is the remainder when 249 is divided by 21?
18
What is the remainder when 1563 is divided by 29?
26
What is the remainder when 12 is divided by 1?
0
Calculate the remainder when 214 is divided by 21.
4
What is the remainder when 479 is divided by 32?
31
Calculate the remainder when 164 is divided by 110.
54
What is the remainder when 102 is divided by 21?
18
Calculate the remainder when 34 is divided by 19.
15
What is the remainder when 443 is divided by 120?
83
What is the remainder when 33 is divided by 5?
3
Calculate the remainder when 676 is divided by 132.
16
Calculate the remainder when 860 is divided by 24.
20
What is the remainder when 372 is divided by 127?
118
What is the remainder when 665 is divided by 74?
73
Calculate the remainder when 326 is divided by 119.
88
Calculate the remainder when 212 is divided by 98.
16
Calculate the remainder when 134 is divided by 9.
8
What is the remainder when 1650 is divided by 23?
17
What is the remainder when 248 is divided by 5?
3
What is the remainder when 7078 is divided by 23?
17
Calculate the remainder when 244 is divided by 82.
80
Calculate the remainder when 370 is divided by 101.
67
What is the remainder when 114 is divided by 60?
54
Calculate the remainder when 757 is divided by 369.
19
What is the remainder when 985 is divided by 12?
1
Calculate the remainder when 345 is divided by 71.
61
What is the remainder when 111 is divided by 41?
29
Calculate the remainder when 74 is divided by 13.
9
Calculate the remainder when 1342 is divided by 16.
14
What is the remainder when 343 is divided by 89?
76
Calculate the remainder when 230 is divided by 4.
2
What is the remainder when 284 is divided by 216?
68
What is the remainder when 7849 is divided by 50?
49
What is the remainder when 38 is divided by 11?
5
Calculate the remainder when 62 is divided by 36.
26
What is the remainder when 4068 is divided by 185?
183
Calculate the remainder when 57 is divided by 43.
14
What is the remainder when 486 is divided by 447?
